{"id":2078,"date":"2022-02-16T13:12:53","date_gmt":"2022-02-16T12:12:53","guid":{"rendered":"http:\/\/194.195.245.203\/?page_id=2078"},"modified":"2023-10-30T11:50:03","modified_gmt":"2023-10-30T10:50:03","slug":"notre-philosophie","status":"publish","type":"page","link":"https:\/\/unliondansmonsalon.com\/index.php\/8-2\/notre-philosophie\/","title":{"rendered":"Notre philosophie"},"content":{"rendered":"\t\t<div data-elementor-type=\"wp-page\" data-elementor-id=\"2078\" class=\"elementor elementor-2078\" data-elementor-post-type=\"page\">\n\t\t\t\t\t\t<section class=\"elementor-section elementor-top-section elementor-element elementor-element-833a6d5 elementor-section-boxed elementor-section-height-default elementor-section-height-default qodef-elementor-content-no\" data-id=\"833a6d5\" data-element_type=\"section\">\n\t\t\t\t\t\t<div class=\"elementor-container elementor-column-gap-default\">\n\t\t\t\t\t<div class=\"elementor-column elementor-col-100 elementor-top-column elementor-element elementor-element-0db93e2\" data-id=\"0db93e2\" data-element_type=\"column\">\n\t\t\t<div class=\"elementor-widget-wrap elementor-element-populated\">\n\t\t\t\t\t\t<div class=\"elementor-element elementor-element-b5ba6f2 elementor-widget elementor-widget-text-editor\" data-id=\"b5ba6f2\" data-element_type=\"widget\" data-widget_type=\"text-editor.default\">\n\t\t\t\t<div class=\"elementor-widget-container\">\n\t\t\t<style>\/*! elementor - v3.20.0 - 26-03-2024 *\/\n.elementor-widget-text-editor.elementor-drop-cap-view-stacked .elementor-drop-cap{background-color:#69727d;color:#fff}.elementor-widget-text-editor.elementor-drop-cap-view-framed .elementor-drop-cap{color:#69727d;border:3px solid;background-color:transparent}.elementor-widget-text-editor:not(.elementor-drop-cap-view-default) .elementor-drop-cap{margin-top:8px}.elementor-widget-text-editor:not(.elementor-drop-cap-view-default) .elementor-drop-cap-letter{width:1em;height:1em}.elementor-widget-text-editor .elementor-drop-cap{float:left;text-align:center;line-height:1;font-size:50px}.elementor-widget-text-editor .elementor-drop-cap-letter{display:inline-block}<\/style>\t\t\t\t<p><strong>Tout d&rsquo;abord, bienvenue chaleureusement sur ce site !<\/strong><\/p><p><strong>\u00a0<\/strong><\/p><p><strong style=\"color: var( --e-global-color-text ); letter-spacing: 0px;\">Notre mission est d&rsquo;aider toutes les personnes, qui souhaitent booster leur vitalit\u00e9 :<\/strong><\/p><ul><li><strong>face au cancer<\/strong><\/li><li><strong>pour maintenir leur r\u00e9mission dans le temps<\/strong><\/li><li><strong>en pr\u00e9vention du cancer<\/strong><\/li><\/ul><p><strong>Ce site s&rsquo;adresse aussi \u00e0 tous les proches accompagnant une personne face \u00e0 la maladie (aide et id\u00e9es cadeaux)<\/strong><\/p>\t\t\t\t\t\t<\/div>\n\t\t\t\t<\/div>\n\t\t\t\t\t<\/div>\n\t\t<\/div>\n\t\t\t\t\t<\/div>\n\t\t<\/section>\n\t\t\t\t<section class=\"elementor-section elementor-top-section elementor-element elementor-element-4ecbd0e elementor-section-boxed elementor-section-height-default elementor-section-height-default qodef-elementor-content-no\" data-id=\"4ecbd0e\" data-element_type=\"section\">\n\t\t\t\t\t\t<div class=\"elementor-container elementor-column-gap-default\">\n\t\t\t\t\t<div class=\"elementor-column elementor-col-100 elementor-top-column elementor-element elementor-element-a5c7299\" data-id=\"a5c7299\" data-element_type=\"column\">\n\t\t\t<div class=\"elementor-widget-wrap elementor-element-populated\">\n\t\t\t\t\t\t<div class=\"elementor-element elementor-element-5443a48 elementor-widget elementor-widget-text-editor\" data-id=\"5443a48\" data-element_type=\"widget\" data-widget_type=\"text-editor.default\">\n\t\t\t\t<div class=\"elementor-widget-container\">\n\t\t\t\t\t\t\t<p><b>Ce site n&rsquo;est pas un site m\u00e9dical, il vient s&rsquo;inscrire dans une d\u00e9marche globale et int\u00e9grative de la sant\u00e9, en parall\u00e8le des traitements, sans prendre le moindre risque d&rsquo;int\u00e9raction avec la m\u00e9decine traditionnelle.<\/b><\/p>\t\t\t\t\t\t<\/div>\n\t\t\t\t<\/div>\n\t\t\t\t<div class=\"elementor-element elementor-element-15581c7 elementor-widget elementor-widget-text-editor\" data-id=\"15581c7\" data-element_type=\"widget\" data-widget_type=\"text-editor.default\">\n\t\t\t\t<div class=\"elementor-widget-container\">\n\t\t\t\t\t\t\t<p>Ici, vous trouverez toutes les informations li\u00e9es \u00e0 la <strong>vitalit\u00e9<\/strong> face au cancer que ce soit sur <strong>l&rsquo;alimentation<\/strong>, <strong>la gestion des \u00e9motions<\/strong> ou le fait de <strong>prendre soin de son corps<\/strong> (activit<span style=\"color: var( --e-global-color-text ); letter-spacing: 0px;\">\u00e9 physique, r\u00f4le de la m\u00e9decine douce, soins esth\u00e9tiques, comparatifs de marques comme les cr\u00e8mes, les bonnets ou les perruques, etc).<\/span><\/p><p><span style=\"color: var( --e-global-color-text ); letter-spacing: 0px;\">\u00a0<\/span><\/p><p><span style=\"color: var( --e-global-color-text ); letter-spacing: 0px;\">Le but n&rsquo;est pas de r\u00e9inven<\/span><span style=\"color: var( --e-global-color-text ); letter-spacing: 0px;\">ter la roue, nous redirigeons principalement vers les meilleurs sites ou articles existants.<\/span><\/p><p><span style=\"color: var( --e-global-color-text ); letter-spacing: 0px;\">\u00a0<\/span><\/p><p><span style=\"color: var( --e-global-color-text ); letter-spacing: 0px;\">Vous y retrouverez aussi :<\/span><\/p><ul><li><span style=\"color: var( --e-global-color-text ); letter-spacing: 0px;\">l<strong>es d\u00e9marches administratives<\/strong> en cas de cancer afin de vous concentrer sur l&rsquo;essentiel \u00e0 savoir votre sant\u00e9<\/span><\/li><li><strong>un annuaire des professionnels de la vitalit\u00e9<\/strong><\/li><\/ul><div><b>Ce site contient beaucoup de choses mais il est important de garder en t\u00eate que chacun est unique. Vous pouvez piocher ce qui est utile pour vous et le faire \u00e0 votre rythme et selon vos besoins.\u00a0<\/b><\/div><div><b>\u00a0<\/b><\/div><div><b>Ce site est \u00e9galement collaboratif. Si vous souhaitez soumettre un site, un article, conseiller un livre ou nous faire part de vos remarques, n&rsquo;h\u00e9sitez pas \u00e0 nous \u00e9crire..<\/b><\/div>\t\t\t\t\t\t<\/div>\n\t\t\t\t<\/div>\n\t\t\t\t\t<\/div>\n\t\t<\/div>\n\t\t\t\t\t<\/div>\n\t\t<\/section>\n\t\t\t\t<section class=\"elementor-section elementor-top-section elementor-element elementor-element-ccb090f elementor-section-boxed elementor-section-height-default elementor-section-height-default qodef-elementor-content-no\" data-id=\"ccb090f\" data-element_type=\"section\">\n\t\t\t\t\t\t<div class=\"elementor-container elementor-column-gap-default\">\n\t\t\t\t\t<div class=\"elementor-column elementor-col-100 elementor-top-column elementor-element elementor-element-be21be5\" data-id=\"be21be5\" data-element_type=\"column\">\n\t\t\t<div class=\"elementor-widget-wrap elementor-element-populated\">\n\t\t\t\t\t\t<div class=\"elementor-element elementor-element-0f6683f elementor-widget elementor-widget-image\" data-id=\"0f6683f\" data-element_type=\"widget\" data-widget_type=\"image.default\">\n\t\t\t\t<div class=\"elementor-widget-container\">\n\t\t\t<style>\/*! elementor - v3.20.0 - 26-03-2024 *\/\n.elementor-widget-image{text-align:center}.elementor-widget-image a{display:inline-block}.elementor-widget-image a img[src$=\".svg\"]{width:48px}.elementor-widget-image img{vertical-align:middle;display:inline-block}<\/style>\t\t\t\t\t\t\t\t\t\t<img decoding=\"async\" src=\"https:\/\/unliondansmonsalon.com\/wp-content\/uploads\/elementor\/thumbs\/meadow-ga495aceaf_1920-15p5uzmddlysbmk6yzzch7s9uqpmkmwbfinx4l16hhhslojnubu5eeep4.jpg\" title=\"meadow-ga495aceaf_1920\" alt=\"meadow-ga495aceaf_1920\" loading=\"lazy\" \/>\t\t\t\t\t\t\t\t\t\t\t\t\t<\/div>\n\t\t\t\t<\/div>\n\t\t\t\t\t<\/div>\n\t\t<\/div>\n\t\t\t\t\t<\/div>\n\t\t<\/section>\n\t\t\t\t<section class=\"elementor-section elementor-top-section elementor-element elementor-element-2a08bdc elementor-section-boxed elementor-section-height-default elementor-section-height-default qodef-elementor-content-no\" data-id=\"2a08bdc\" data-element_type=\"section\">\n\t\t\t\t\t\t<div class=\"elementor-container elementor-column-gap-default\">\n\t\t\t\t\t<div class=\"elementor-column elementor-col-100 elementor-top-column elementor-element elementor-element-f3c163a\" data-id=\"f3c163a\" data-element_type=\"column\">\n\t\t\t<div class=\"elementor-widget-wrap elementor-element-populated\">\n\t\t\t\t\t\t<div class=\"elementor-element elementor-element-1293e5a elementor-widget elementor-widget-heading\" data-id=\"1293e5a\" data-element_type=\"widget\" data-widget_type=\"heading.default\">\n\t\t\t\t<div class=\"elementor-widget-container\">\n\t\t\t<style>\/*! elementor - v3.20.0 - 26-03-2024 *\/\n.elementor-heading-title{padding:0;margin:0;line-height:1}.elementor-widget-heading .elementor-heading-title[class*=elementor-size-]>a{color:inherit;font-size:inherit;line-height:inherit}.elementor-widget-heading .elementor-heading-title.elementor-size-small{font-size:15px}.elementor-widget-heading .elementor-heading-title.elementor-size-medium{font-size:19px}.elementor-widget-heading .elementor-heading-title.elementor-size-large{font-size:29px}.elementor-widget-heading .elementor-heading-title.elementor-size-xl{font-size:39px}.elementor-widget-heading .elementor-heading-title.elementor-size-xxl{font-size:59px}<\/style><h2 class=\"elementor-heading-title elementor-size-default\">L'HISTOIRE D'UN LION DANS LE SALON<\/h2>\t\t<\/div>\n\t\t\t\t<\/div>\n\t\t\t\t\t<\/div>\n\t\t<\/div>\n\t\t\t\t\t<\/div>\n\t\t<\/section>\n\t\t\t\t<section class=\"elementor-section elementor-top-section elementor-element elementor-element-c314e17 elementor-section-boxed elementor-section-height-default elementor-section-height-default qodef-elementor-content-no\" data-id=\"c314e17\" data-element_type=\"section\">\n\t\t\t\t\t\t<div class=\"elementor-container elementor-column-gap-default\">\n\t\t\t\t\t<div class=\"elementor-column elementor-col-50 elementor-top-column elementor-element elementor-element-9916bac\" data-id=\"9916bac\" data-element_type=\"column\">\n\t\t\t<div class=\"elementor-widget-wrap elementor-element-populated\">\n\t\t\t\t\t\t<div class=\"elementor-element elementor-element-7e2cafe elementor-widget elementor-widget-text-editor\" data-id=\"7e2cafe\" data-element_type=\"widget\" data-widget_type=\"text-editor.default\">\n\t\t\t\t<div class=\"elementor-widget-container\">\n\t\t\t\t\t\t\t<p>Ch\u00e8re communaut\u00e9,<\/p>\n<p><br><\/p>\n<p><\/p>\n<p>J&rsquo;ai cr\u00e9e ce site apr\u00e8s avoir travers\u00e9 mes traitements de chimioth\u00e9rapie et de radioth\u00e9rapie. En effet, \u00e0 37 ans, j&rsquo;ai \u00e9t\u00e9 diagnostiqu\u00e9 avec un cancer du sein (m\u00e9tastas\u00e9).&nbsp;<\/p>\n<p><br><\/p>\n<p><\/p>\n<p>En parall\u00e8le des traitements conventionnels, j&rsquo;ai mis en place \u00e9norm\u00e9ment d&rsquo;actions pour booster ma vitalit\u00e9 (alimentation, gestion des \u00e9motions, prendre soin de mon corps). Les traitements lourds sont derri\u00e8re moi et je suis tellement heureuse d&rsquo;avoir cette seconde chance de vie. &nbsp;<\/p>\n<p><br><\/p>\n<p><\/p>\n<p>Ce site a pour objectif de regrouper au m\u00eame endroit tous les informations li\u00e9es \u00e0 la vitalit\u00e9 afin d&rsquo;aider le maximum de personnes. Il y a \u00e9galement des informations administratives pour gagner du temps au quotidien et se concentrer sur l&rsquo;essentiel.&nbsp;<\/p>\n<p><br><\/p>\n<p><\/p>\n<p>J&rsquo;ai eu la chance de rencontrer des personnes sur mon chemin qui m&rsquo;ont aid\u00e9 sur la vitalit\u00e9 et je me suis aussi beaucoup renseign\u00e9e. Je souhaite contribuer \u00e0 rendre ces informations accessibles facilement. C&rsquo;est \u00e9galement un hommage \u00e0 mon papa, d\u00e9c\u00e9d\u00e9 d\u00e9but 2021 d&rsquo;un cancer, apr\u00e8s 3 ans de traitements.. J&rsquo;aurais aim\u00e9 qu&rsquo;un tel site existe pour lui afin qu&rsquo;il puisse concentrer son \u00e9nergie sur le plus important: lui et sa vitalit\u00e9.&nbsp;<\/p>\n<p><br><\/p>\n<p><\/p>\n<p>Mes pens\u00e9es sont pour vous et vos proches, car je sais que ce combat est \u00f4 combien difficile. Restons optimistes avec les avanc\u00e9es m\u00e9dicales et la gestion de la vitalit\u00e9.&nbsp;<\/p>\n<p><br><\/p>\n<p><\/p>\n<p>Et pourquoi un lion dans mon salon? J&rsquo;ai la photographie d&rsquo;un lion affich\u00e9e dans mon salon. Ce lion m&rsquo;a donn\u00e9 une force tranquille incroyable pendant les traitements. Il a \u00e9t\u00e9 mon pilier li\u00e9 \u00e0 de multiples aspects de la vitalit\u00e9. Il a donc naturellement inspir\u00e9 ce site.<\/p>\n<p><\/p>\t\t\t\t\t\t<\/div>\n\t\t\t\t<\/div>\n\t\t\t\t\t<\/div>\n\t\t<\/div>\n\t\t\t\t<div class=\"elementor-column elementor-col-50 elementor-top-column elementor-element elementor-element-384f2ec\" data-id=\"384f2ec\" data-element_type=\"column\">\n\t\t\t<div class=\"elementor-widget-wrap elementor-element-populated\">\n\t\t\t\t\t\t<div class=\"elementor-element elementor-element-7a704c5 elementor-widget elementor-widget-image\" data-id=\"7a704c5\" data-element_type=\"widget\" data-widget_type=\"image.default\">\n\t\t\t\t<div class=\"elementor-widget-container\">\n\t\t\t\t\t\t\t\t\t\t\t\t\t<img fetchpriority=\"high\" decoding=\"async\" width=\"942\" height=\"1024\" src=\"https:\/\/unliondansmonsalon.com\/wp-content\/uploads\/2022\/03\/20220115_133255-942x1024.jpg\" class=\"attachment-large size-large wp-image-3305\" alt=\"\" srcset=\"https:\/\/unliondansmonsalon.com\/wp-content\/uploads\/2022\/03\/20220115_133255-942x1024.jpg 942w, https:\/\/unliondansmonsalon.com\/wp-content\/uploads\/2022\/03\/20220115_133255-276x300.jpg 276w, https:\/\/unliondansmonsalon.com\/wp-content\/uploads\/2022\/03\/20220115_133255-768x835.jpg 768w, https:\/\/unliondansmonsalon.com\/wp-content\/uploads\/2022\/03\/20220115_133255-1413x1536.jpg 1413w, https:\/\/unliondansmonsalon.com\/wp-content\/uploads\/2022\/03\/20220115_133255.jpg 1810w\" sizes=\"(max-width: 942px) 100vw, 942px\" \/>\t\t\t\t\t\t\t\t\t\t\t\t\t<\/div>\n\t\t\t\t<\/div>\n\t\t\t\t<div class=\"elementor-element elementor-element-c18a79c elementor-widget elementor-widget-image\" data-id=\"c18a79c\" data-element_type=\"widget\" data-widget_type=\"image.default\">\n\t\t\t\t<div class=\"elementor-widget-container\">\n\t\t\t\t\t\t\t\t\t\t\t\t\t<img decoding=\"async\" width=\"1024\" height=\"683\" src=\"https:\/\/unliondansmonsalon.com\/wp-content\/uploads\/2022\/02\/meadow-ga495aceaf_1920-1024x683.jpg\" class=\"attachment-large size-large wp-image-2281\" alt=\"\" srcset=\"https:\/\/unliondansmonsalon.com\/wp-content\/uploads\/2022\/02\/meadow-ga495aceaf_1920-1024x683.jpg 1024w, https:\/\/unliondansmonsalon.com\/wp-content\/uploads\/2022\/02\/meadow-ga495aceaf_1920-300x200.jpg 300w, https:\/\/unliondansmonsalon.com\/wp-content\/uploads\/2022\/02\/meadow-ga495aceaf_1920-768x512.jpg 768w, https:\/\/unliondansmonsalon.com\/wp-content\/uploads\/2022\/02\/meadow-ga495aceaf_1920-1536x1024.jpg 1536w, https:\/\/unliondansmonsalon.com\/wp-content\/uploads\/2022\/02\/meadow-ga495aceaf_1920.jpg 1920w\" sizes=\"(max-width: 1024px) 100vw, 1024px\" \/>\t\t\t\t\t\t\t\t\t\t\t\t\t<\/div>\n\t\t\t\t<\/div>\n\t\t\t\t<div class=\"elementor-element elementor-element-1f551ca elementor-widget elementor-widget-image\" data-id=\"1f551ca\" data-element_type=\"widget\" data-widget_type=\"image.default\">\n\t\t\t\t<div class=\"elementor-widget-container\">\n\t\t\t\t\t\t\t\t\t\t\t\t\t<img decoding=\"async\" width=\"1024\" height=\"683\" src=\"https:\/\/unliondansmonsalon.com\/wp-content\/uploads\/2022\/02\/pexels-angele-j-128402-scaled-1-1024x683.jpg\" class=\"attachment-large size-large wp-image-2264\" alt=\"\" srcset=\"https:\/\/unliondansmonsalon.com\/wp-content\/uploads\/2022\/02\/pexels-angele-j-128402-scaled-1-1024x683.jpg 1024w, https:\/\/unliondansmonsalon.com\/wp-content\/uploads\/2022\/02\/pexels-angele-j-128402-scaled-1-300x200.jpg 300w, https:\/\/unliondansmonsalon.com\/wp-content\/uploads\/2022\/02\/pexels-angele-j-128402-scaled-1-768x512.jpg 768w, https:\/\/unliondansmonsalon.com\/wp-content\/uploads\/2022\/02\/pexels-angele-j-128402-scaled-1-1536x1024.jpg 1536w, https:\/\/unliondansmonsalon.com\/wp-content\/uploads\/2022\/02\/pexels-angele-j-128402-scaled-1-2048x1366.jpg 2048w\" sizes=\"(max-width: 1024px) 100vw, 1024px\" \/>\t\t\t\t\t\t\t\t\t\t\t\t\t<\/div>\n\t\t\t\t<\/div>\n\t\t\t\t\t<\/div>\n\t\t<\/div>\n\t\t\t\t\t<\/div>\n\t\t<\/section>\n\t\t\t\t<\/div>\n\t\t","protected":false},"excerpt":{"rendered":"<p>Tout d&rsquo;abord, bienvenue chaleureusement sur ce site ! \u00a0 Notre mission est d&rsquo;aider toutes les personnes, qui souhaitent booster leur vitalit\u00e9 : face au cancer pour maintenir leur r\u00e9mission dans le temps en pr\u00e9vention du cancer Ce site s&rsquo;adresse aussi \u00e0 tous les proches accompagnant une personne face \u00e0 la maladie (aide et id\u00e9es cadeaux) [&hellip;]<\/p>\n","protected":false},"author":1,"featured_media":2192,"parent":2788,"menu_order":1,"comment_status":"closed","ping_status":"closed","template":"","meta":{"_monsterinsights_skip_tracking":false,"_monsterinsights_sitenote_active":false,"_monsterinsights_sitenote_note":"","_monsterinsights_sitenote_category":0,"footnotes":""},"class_list":["post-2078","page","type-page","status-publish","has-post-thumbnail","hentry"],"_links":{"self":[{"href":"https:\/\/unliondansmonsalon.com\/index.php\/wp-json\/wp\/v2\/pages\/2078","targetHints":{"allow":["GET"]}}],"collection":[{"href":"https:\/\/unliondansmonsalon.com\/index.php\/wp-json\/wp\/v2\/pages"}],"about":[{"href":"https:\/\/unliondansmonsalon.com\/index.php\/wp-json\/wp\/v2\/types\/page"}],"author":[{"embeddable":true,"href":"https:\/\/unliondansmonsalon.com\/index.php\/wp-json\/wp\/v2\/users\/1"}],"replies":[{"embeddable":true,"href":"https:\/\/unliondansmonsalon.com\/index.php\/wp-json\/wp\/v2\/comments?post=2078"}],"version-history":[{"count":24,"href":"https:\/\/unliondansmonsalon.com\/index.php\/wp-json\/wp\/v2\/pages\/2078\/revisions"}],"predecessor-version":[{"id":7152,"href":"https:\/\/unliondansmonsalon.com\/index.php\/wp-json\/wp\/v2\/pages\/2078\/revisions\/7152"}],"up":[{"embeddable":true,"href":"https:\/\/unliondansmonsalon.com\/index.php\/wp-json\/wp\/v2\/pages\/2788"}],"wp:featuredmedia":[{"embeddable":true,"href":"https:\/\/unliondansmonsalon.com\/index.php\/wp-json\/wp\/v2\/media\/2192"}],"wp:attachment":[{"href":"https:\/\/unliondansmonsalon.com\/index.php\/wp-json\/wp\/v2\/media?parent=2078"}],"curies":[{"name":"wp","href":"https:\/\/api.w.org\/{rel}","templated":true}]}}